e value of 7 - (0 + (21 - 4) + 7)?
-17
8 + 3 + (1 - (0 - -18)) - 0
-6
Calculate -29 + (-3 - -38) + (-1 - -1).
6
-4 + 14 + -11 + 5 - (4 - 6)
6
Evaluate -9 + -6 + 19 + -19 + 16.
1
What is -4 + 1 - (59 + -54) - -9?
1
Evaluate -12 + (2 - (2 + -6) - (0 + 5)).
-11
Evaluate (4 - 53) + -86 + 114.
-21
Calculate 28 + 10 + (-19 - 0).
19
What is 36 - (2 - (8 + -2 + -6) - -7)?
27
What is 4 + -14 + 12 + -8 + 11?
5
-3 - 0 - ((-17 - (2 + -2)) + -3)
17
What is the value of (5 - (4 + -5 - 12)) + -2 + 0?
16
What is (-8 - (21 + -24)) + -13?
-18
Calculate 1 + -8 + 18 + -18 + 20.
13
Evaluate 6 - (21 + (6 - 10)).
-11
1 - (-11 + (-18 + 8 - (-1 + -12)))
9
Evaluate 14 - ((-70 - -77) + (0 + 1 - 10)).
16
Evaluate 11 + (-11 - 21) + 8 - -4.
-9
What is the value of -27 - (-21 + -4 + -25)?
23
What is 28 + (-38 - (-1 - 17))?
8
What is (-3 + 3 - -7) + 4 + -5?
6
What is the value of (10 - -2) + 2 + -1 + -1?
12
What is 5 + -2 + -6 - ((-6 - -1) + -11)?
13
What is -123 + 44 + 7 - -44?
-28
Calculate -15 + (2 - 5) + -17 + 26 + -2.
-11
Evaluate -5 + 12 + -6 + (-8 - -3).
-4
Calculate 1 - -11 - (-53 - -54) - -7.
18
Calculate (-6 + 11 + 3 + 0 - 3) + 7.
12
Calculate (1 - 23 - (-129 - -121)) + (-1 - -2).
-13
Calculate 4 + (-6 - (9 - 0)).
-11
What is (-3 + 6 - (-52 - -50)) + -27?
-22
What is the value of -5 + -1 + 12 + -12 + -11 + 6?
-11
Evaluate 0 + -7 + (13 - (-27 - -31)).
2
Calculate -27 + 23 - 26 - -26.
-4
Calculate -1 + 14 + -2 + 123 + -114.
20
Calculate 1 - (-3 - (4 + -9 + -2) - 5).
2
What is 1 - (-47 + 11 + 9)?
28
What is the value of (-10 - (5 + -28)) + (6 - -11)?
30
Evaluate (16 - (24 - 0)) + 0 + -1 + -2.
-11
2 - -9 - (-15 + 36)
-10
What is the value of -3 + 19 + 3 + (-9 - -1) + 2?
13
123 + -126 + (1 - -3)
1
-10 + (-2 - 4 - -2) + (-19 - -25)
-8
What is the value of -7 - ((-10 - -20) + 1 - 14)?
-4
(-11 - (5 - (6 + -2 - -4))) + 0
-8
-5 + -3 + 10 + 17
19
-9 - (2 + 22) - -56
23
What is -12 + (-13 - -27) + -27?
-25
Calculate 3 - (-1 + 15 + (-2 - -12) + -9).
-12
What is (-4 - -7 - 10) + 8 + -1?
0
Calculate -21 + 17 - (-5 + 7).
-6
What is 17 + (-41 - 3) - -17?
-10
What is the value of (3 - 5) + (2 - (24 - 13))?
-11
Calculate 8 - (-19 - (-12 + -15)) - (16 + -3).
-13
What is (40 - 30) + (-7 - 2)?
1
What is the value of 1 + -18 + -18 + -11 + 61?
15
What is -24 + -5 - (-18 - 35)?
24
Evaluate -10 - ((-8 - (0 + -7)) + -25).
16
What is (5 - 5) + -5 + -8 + 2?
-11
(0 - -10) + 10 + -19 + 0 + -11
-10
What is -26 + (2 - -18) + 19?
13
What is -5 + (-16 + 7 - -17)?
3
Calculate 5 + -1 - (-22 - -25) - 2.
-1
10 + -1 - (-183 - -193) - (-3 - 0)
2
(-1 - -12) + -11 + 1 + 5
6
Calculate (15 - 8) + -12 + -7.
-12
(14 - 0) + -3 + (2 - 2)
11
-3 + 10 + (-1 - 11)
-5
What is ((-10 - 2 - -22) + -17 - -5) + -1?
-3
30 + -9 - 24 - (-5 - 25)
27
What is -25 + (33 - 19) + 17?
6
What is the value of -28 + (-14 - (-5 + -5)) + 17?
-15
-164 + 167 - (-1 + 7)
-3
Calculate -7 - (3 - (-16 - (-3 + -1))).
-22
Evaluate 23 + (-12 - (37 + -33)).
7
What is -1 + -6 - (-87 + 113)?
-33
Evaluate 0 + 1 + (26 - 24) - (1 + 10).
-8
-8 + -12 + -5 - -8 - -2
-15
Calculate 282 + -285 + (2 - 27).
-28
Calculate -11 - -1 - (-17 - (-12 + -3)).
-8
Calculate 4 - (5 - -5) - (-1 + 12).
-17
What is the value of (-12 - (19 - 21)) + 6?
-4
-2 - 32 - (-47 - (-78 - -28))
-37
Evaluate -1 - (41 + (5 - -5) - 13).
-39
What is the value of -11 + 21 - 15 - -2 - (20 + 2)?
-25
What is (414 - 346) + 3 + -44?
27
Evaluate 17 - (2 + (3 - ((5 - 13) + 12))).
16
(1 + 5 + -9 - -4) + -10
-9
Evaluate (-1 - (1 - (-20 + 0))) + 327 + -326.
-21
-19 + 13 - 14 - (-3 - -1)
-18
Evaluate -1 + -8 - (81 + -101).
11
What is ((5 - 2) + -16 - -7) + 1 + 8?
3
Calculate -32 + 7 - (-97 + 52).
20
Calculate -17 - (3 + -5 + 9 + (4 - 13)).
-15
-4 + 1 + (-12 - (-12 + 5)) + 10
2
What is 73 + -82 + (3 - (-1 - (-3 - 1)))?
-9
What is the value of 17 + -28 + -11 + 15?
-7
Evaluate -22 + -1 + 12 + -2 + -10.
-23
What is (64 - 63) + -15 + 0 + -6?
-20
Calculate 13 - (14 + -21 + 13).
7
Calculate -3 - -3 - 1 - 2 - (3 + -8).
2
Evaluate 57 + -30 + (-8 - 0) + 0 + -5.
14
Evaluate -17 + 14 + (0 - -5) + -3 + -2.
-3
(26 - 9) + -1 + -26
-10
Evaluate 24 + 0 + (29 - 53).
0
Calculate -2 + 2 + (-12 - -15) + 6.
9
What is the value of -1 + -1 + -60 + 21 + 40?
-1
6 - (-3 - (-6 - -8)) - 6
5
-1 + (2 - (-5 + 0)) - -2
8
Calculate (17 - (-12 - -45)) + 33.
17
What is the value of (6 - 11) + (-16 - -44)?
23
What is (6 - 5 - -15) + 11?
27
Evaluate 0 + (0 - 4) + 2.
-2
Calculate (-2 - -4) + (18 - 16 - (5 + -1)).
0
What is the value of (0 - 28) + -34 + 55 + -21 + 6?
-22
Evaluate -24 - (-12 + -8) - -2.
-2
Calculate (-10 - (27 - 45)) + 1 + -9.
0
0 - (3 + 3 + -1) - (-110 + 112)
-7
10 + -12 + (-26 - -52)
24
Calculate (3 - (-9 + 7) - 7) + -1 - -21.
18
(0 - -2) + -11 - (-11 + -38 - -39)
1
What is 7 + 7 + -18 + 4?
0
What is the value of 13 + -5 + 0 + -7 + 23 + 0?
24
Evaluate -9 + (-45 - -36 - (2 - 4)).
-16
What is the value of (1064 - 1073) + (1 - -1) + 7?
0
Calculate 2 + (-14 - -21) + 23.
32
2 + 1 + (2 - (16 + -8))
-3
Evaluate (-2 - -1) + -5 - (18 + (19 - 26)).
-17
What is the value of 129 - 113 - (33 - (-4 + 8))?
-13
Calculate -11 + 5 + 1 - ((2 - 2) + 1).
-6
What is the value of 13 + -2 + (11 - 6) + 0?
16
What is the value of 8 + (-11 - -7 - 19) + -1 - -4?
-12
Evaluate 3 - (-16 + (3 - -4) - -20).
-8
What is the value of -6 + (3 - -2) + -8?
-9
Evaluate -8 - (-20 - -18) - (1 - 6).
-1
What is the value of 8 + 3 - (18 + -24) - 9?
8
-14 - (-15 - -3) - 10 - -30
18
-4 - (18 + 4 + -12)
-14
-2 + (9 - 16 - -3) + 11
5
133 + -112 - (23 + -2)
0
What is 5 - 1 - ((5 - -4) + -9)?
4
What is -13 + (0 - -5) - -13?
5
Evaluate 21 + (-14 - -1 - (188 + -196)).
16
4 + -17 + -1 + (-29 - -14)
-29
What is (0 - -14) + 12 + -9?
17
What is 11 + 4 - (37 + -17)?
-5
Evaluate (12 - (1 - 13 - (116 - 125))) + 8.
23
Evaluate -11 + 14 + -10 - -16.
9
Evaluate -2 + 5 - (2 + -15 + 12).
4
Evaluate -4 + -6 - ((-45 - 5) + 3) - 4.
33
-8 + (-45 + 52 - (0 + 3 - -1))
-5
Evaluate (-1 - 6) + -58 + 67 - 15.
-13
Calculate -8 + 1 - (-14 - -26).
-19
Calculate (-5 - 30) + (-7 - (-12 - -19 - 14)).
-35
Calculate 17 + -2 + 15 + 0 + -20 - 14.
-4
What is 43 + (-3 - 44) + (1 - (-1 - 21))?
19
Calculate 23 + 29 + -33 + -15.
4
Evaluate -12 + 3 + 7 + -11 + 2.
-11
Evaluate (-15 - (-5 + 6)) + 2 + -3 + 3.
-14
Evaluate -4 - (-3 + 7 + 0) - (-2 + 2).
-8
Calculate 2 + (-8 - (12 - 12 - -12)).
-18
(-7 + -4 + 5 - 11) + 2
-15
Evaluate (-3 + (11 - 11) - 1 - -2) + -25.
-27
(0 - (-7 + 13) - -10) + (-7 - -2)
-1
Calculate 3 - (16 - -19) - -17.
-15
Evaluate (5 - 7) + -10 + 17.
5
What is the value of 10 - 17 - (9 + -7 + 1 + -12)?
2
Calculate -4 + 25 - 2 - (-5 + 7 - 2).
19
Calculate -45 + 55 + -19 + 0.
-9
Evaluate 3 - ((3 + -34 - (15 - 10)) + -1).
40
What is -85 + 98 + (-18 - 0) - 2?
-7
What is the value of (2 - 3) + 14 + -4 + (3 - 1)?
11
What is -6 - -13 - -5 - (5 + 2) - 5?
0
What is the value of -6 - (2 - (44 - 25))?
11
(16 + -3 + 2 - 47) + 1 + 8
-23
Calculate -8 + 1 + 11 + (10 - 16) - 7.
-9
What is 151 - 161 - (16 - (1 - -2))?
-23
What is 63 - 60 - (-7 + -4)?
14
What is 31 + -23 + -30 + 10?
-12
Evaluate 6 + 1 + (-6 + 18 - (62 - 60)).
17
Evaluate 13 - 9 - (7 - -7).
-10
(0 + -1 - -2) + -229 + 216
-12
Evaluate (-5 - 8 - -5) + 19 + -16 + 8.
3
Calculate -4 - (0 - 5 - (14 + -12)).
3
Evaluate -23 - -25 - (2 + (2 - (3 + -26))).
-25
Evaluate 12 + (-11 - 8) + -2 - (3 - 14).
2
-4 + -4 + 12 + (2 - -9)
15
Calculate (-18 - -41) + 25 - (18 - 2).
32
What is the value of (5 - (-4 + 15) - (1 + -6)) + 6?
5
Calculate -5 + (-8 - -2 - -10) + 3.
2
-2 + (4 - 2) + (-6 - -9) - 10
-7
What is the value of 56 + -59 - (-25 - -2)?
20
What is -2 + 15 - ((-1 - -4) + 15 + -16)?
11
Evaluate -8 - (19 + (-6 - 6)).
-15
What is -21 - (1 + -12 + 2 + (-47 - -47))?
-12
Calculate 239 + -232 - ((9 - 22) + 0 + -1).
21
What is -2 - 12 - (20 - (28 - 10))?
-16
What is the value of (166 - 169 - (0 + (-2 - 0))) + -18?
-19
What is -16 - (-67 - -18) - 19?
14
What is the value of (-5 - (-4 + -6 + -1)) + -15 + 0?
-9
What is the value of (35 - 42) + ((-7 - -4) + 3 - -2)?
-5
14 + (2 + -3 - 1) - -9
21
Evaluate 8 - (-5 + (16 - 5)) - 8.
-6
10 - ((6 - -2) + -1 + -11 + 7)
7
Calculate -2 + -16 + (-6 - -4 - -9).
-11
Calculate -19 + 27 - 18 - -25.
15
-12 - (1 - (-8 - (9 - 20)))
-10
Calculate -17 + -1 + 235 + -228.
-11
What is the value of (6 - 4) + (5 + -11 - -3) - -2?
1
Evaluate -1